q(c).
11
Let a(c) be the second derivative of -c**4/12 + 17*c**3/6 + 47*c**2/2 + 1150*c. Determine a(19).
9
Let l(p) = -5*p - 100. Let u be ((-57)/15)/(-7*(-5)/175). Give l(u).
-5
Let y(u) = -2*u - 9. Let v = -5641 + 5640. What is y(v)?
-7
Let i(r) = 21*r**3 + r. Let c(k) = k**3 - 12*k**2 + 9*k + 23. Suppose 4*x = -w + 27, 5 = -5*w - 5*x + 80. Let s be c(w). Give i(s).
22
Let f(q) be the third derivative of q**4/12 - 19*q**3/6 + 2*q**2. Suppose -272 - 66 = -31*l - 59. What is f(l)?
-1
Let o = -6642 - -6624. Let i(a) = -a**3 - 15*a**2 + 51*a - 3. Give i(o).
51
Let u(y) = -2*y**2 - 4*y - 7. Suppose -2*p + 183 = -5*m + 140, 9 = -3*p - 3*m. What is u(p)?
-55
Let p be (-2 - (-40)/(-15))*-3. Suppose j = -12 + p. Let n(y) = -11*y + 11*y - 1 + 5*y. Determine n(j).
9
Let g(c) = -c**3 + c**2 + 3*c - 2. Let n be g(2). Suppose 5*q = 2*t + 2, -2*q = -6*q - 5*t + 28. Let s(o) = o - q + 0 + 6 + 4. Determine s(n).
8
Let f(g) = -2*g + 5. Suppose -4*j + 3*w + 2 = 0, -3*j + 13 + 1 = 4*w. Suppose -3*p - 32 = -2*i, 5 = -2*p - j*i - 3. Calculate f(p).
21
Let r be (18/(-5))/(4*(-1)/10). Suppose 3*k - r = -0. Suppose -4*o = k*j + 12, 5*j + 4 - 24 = 0. Let x(y) = y**2 + 5*y - 5. Calculate x(o).
1
Let h(l) = l + 5. Let o = 6128 - 6130. What is h(o)?
3
Let u(a) be the third derivative of a**5/12 + a**4/6 + a**3/2 + a**2. Let b(z) = 4*z**2 - 141*z - 111. Let l be b(36). Give u(l).
36
Let a = -18 + 25. Let m(f) = 1954*f + 0*f**2 + 1940*f - 5847*f - f**2 + 1956*f + 21. Calculate m(a).
-7
Let d(h) = -h**3 + 12*h**2 + 9*h - 13. Let r(s) = 6*s**3 + 70*s**2 - 28*s - 35. Let b be r(-12). Determine d(b).
-65
Let l(b) = -2*b**3 - 2*b**2 - 4*b - 3. Suppose 14 = 6*i - 4. Suppose -4*p + 5*g = 8, 2*p + 0*g - i*g + 4 = 0. What is l(p)?
13
Let a(r) be the third derivative of -r**5/60 + 15*r**3/2 + 1565*r**2. What is a(6)?
9
Let y(u) = u**2 - 3*u - 5. Let a(p) = -52*p - 4. Let h be a(-2). Let g = 143 - h. Let n = 47 - g. What is y(n)?
-1
Let j(q) be the second derivative of -3/2*q**2 + 154*q + 1/2*q**3 + 0 + 1/20*q**5 - 1/3*q**4. What is j(3)?
-3
Let d(j) = 189*j - 93*j - 1 - 91*j. Suppose 3*x + 18 = 3*f + 3, 3*f - 13 = 2*x. Give d(x).
-11
Let r = 15833 - 15850. Let k(x) = 10*x + 176. What is k(r)?
6
Let v(p) be the second derivative of p**4/6 - p**2/2 - 14*p - 10. Let l be (4 - 4) + (-5 - -2). Let u = 1 + l. Calculate v(u).
7
Suppose -3*x - 9*n = -4*n - 21, 5*n - 13 = x. Let t(c) = 0*c**2 - 3*c**2 - 7*c - 7 - c**2 + 3*c**x. Calculate t(-6).
-1
Suppose 8*i - 61 - 51 = 0. Suppose -12 = y - i. Suppose 0 = -y*n + 4 - 8. Let x(h) = 2*h**2 - 3*h - 1. Give x(n).
13
Let v(c) = c**2 - 3*c + 2. Let l(a) = 60*a**3 + 4*a**2 - 9*a + 1. Let s be l(2). Let k = s + -474. Calculate v(k).
12
Suppose -4*x = 3*n + 29, -x + 22 = n - 6*x. Let b(v) = 5*v - 306*v**2 - v**3 + 4 + 150*v**2 + 155*v**2. Determine b(n).
7
Suppose 31*x = 5645 - 623. Let d = -169 + x. Let l(g) = g + 4. Give l(d).
-3
Let m be (5 + 96/(-20))*15. Let f(g) = 4*g**2 - 18*g**3 - 3 - 12*g**3 + 39*g**3 - 10*g**m. Let d(s) = -2*s. Let n be d(-2). Determine f(n).
-3
Let t = -604 + 610. Let w(a) = 14 + 21 - 38 - 2*a - 3*a. Determine w(t).
-33
Let m(j) be the first derivative of -j**2/2 - 9*j - 1011. Suppose 0 = 5*r + o + 15, 0*r + 5*o = -2*r - 29. Let v be -7 - r/(-4)*-6. Give m(v).
-5
Let k be 9*(-105 - -106 - 11/(-3)). Let b(m) = -m**3 + 44*m**2 - 84*m - 3. Give b(k).
-3
Suppose 0 = -15*t - 3*g + 216, 6 = -5*g + 8*g. Let c(s) = s**2 - 15*s + 15. What is c(t)?
1
Let c(j) = -j**2 + 14*j - 24. Suppose -2*l - 55 = -3*z - 74, z = -2*l + 23. What is c(l)?
9
Suppose -4*i = i. Suppose -g = -i*g - 8. Let w(u) = -g*u**3 + 14*u**3 + 3*u**3 - 1 - 2*u. Calculate w(-1).
-8
Let a = -5141 - -5146. Let g(l) = -2*l**3 + 8*l**2 + 4*l + 8. Give g(a).
-22
Let n(m) = 2*m + 7. Let p(u) = 33*u + 39. Let a(w) = 5*n(w) - p(w). Give a(1).
-27
Let x(i) = -i**2 + 10*i + 8. Suppose 5*m - 59 = -28*v + 26*v, 5*m + 4*v - 63 = 0. Determine x(m).
-3
Let r(i) be the first derivative of -16/3*i**3 + 73 - 1/4*i**4 - 7*i**2 + 12*i. What is r(-15)?
-3
Let p(l) = -136 - 141 - 132 - 30*l + 431. Determine p(1).
-8
Let t(q) be the third derivative of q**8/20160 + q**7/1680 - q**6/90 - 53*q**5/60 - q**3/6 - 4*q**2. Let v(k) be the third derivative of t(k). Calculate v(-7).
20
Suppose 9 = t - 2*p, 2*t + 3*p - 77 = -94. Let j(s) = -5*s**2 - s. What is j(t)?
-4
Suppose 3 = -2*l - 23. Let m(f) be the second derivative of -f**4/12 - 7*f**3/3 + f**2 + 28*f - 2715. What is m(l)?
15
Suppose 123*l + 20 = 127*l. Let j(n) = -9 + 7 - l*n - n + n**2 - n. Calculate j(4).
-14
Let k(x) = 9*x + 19. Let v = 5419 - 5427. Calculate k(v).
-53
Let o(t) be the first derivative of -t**4/4 - 3*t**3 + t**2 + 17*t - 75. What is o(-9)?
-1
Let t(b) = -4*b + 38. Let q be t(9). Let l(g) = 6*g + 3*g + 4 + 0 - 4*g - g**3 - g**q. Suppose -h = -17*h - 48. Determine l(h).
7
Let w(p) be the first derivative of -5*p**2/2 + 3*p + 617. What is w(-9)?
48
Let t(u) = 2*u - 1. Let i(m) = 4*m - 3. Let g(x) = 3*i(x) - 5*t(x). Let j(c) = c**3 - 16*c**2 + 19*c - 56. Let v be j(15). Give g(v).
4
Let u = -238 - -238. Suppose u + 12 = -4*t. Let b(k) = k**2 + k. Let o(s) = 4*s**2 + 3*s + 4. Let q(r) = -6*b(r) + o(r). What is q(t)?
-5
Let k = -21 + 42. Let c(w) = -12*w - 8 + 13*w + 25 - 17 - k*w**3. Determine c(-1).
20
Let c(q) = -4*q + 6. Let b be (-536)/(-20) + (-4)/5. Suppose b*p = 17 + 61. Calculate c(p).
-6
Let v(h) = -h**3 + 2*h + 1. Let a(y) = 6*y**3 - 8*y**2 - 18*y - 8. Let c be 41/(-164) - (-3)/(-4). Let x(j) = c*a(j) - 5*v(j). Give x(9).
-6
Let w(o) = 6 + 2*o**3 - 7 - o**3 - 4*o**2 - 3*o. Suppose -5*x + 2*h = -23, 0 = h - 0 + 4. Suppose 0*d + x*m = -d + 4, -m = d - 4. Give w(d).
-13
Let z(o) be the second derivative of -2/3*o**3 - 2 + 1/3*o**4 + 5*o - 1/20*o**5 + o**2. Calculate z(3).
-1
Let r be (1/(5/(-45)*3))/((-3)/(-18)). Let y be 3*(5/(-1) - 0). Let m = y - r. Let c(l) = -l**2 + 2*l + 1. Calculate c(m).
-2
Suppose 0 = -267*g + 263*g. Let q(y) be the third derivative of y**4/12 - y**3/2 - y**2. Determine q(g).
-3
Let r be (-3825)/165 + 23 - (-2)/11. Let k(y) = -y**3 + y**2 + y + 50. Determine k(r).
50
Let m(x) = 2*x**2 - 5*x + 184. Let f(j) = j**2 - 1. Let w(k) = 5*f(k) - m(k). Let i(l) be the first derivative of w(l). Give i(7).
47
Let p = 237 + -192. Let b(k) = 11 + 46*k - p*k - 4. What is b(-11)?
-4
Let z(c) = -c**2 - 6*c - 5. Let a(t) = 2*t**2 + 8*t + 5. Let p(i) = 3*a(i) + 4*z(i). Let l(g) = -16*g**2 - 95*g + 9. Let w be l(-6). What is p(w)?
13
Let w(a) = a + 0*a - 16 + 14 + a + a**2. Let k(p) = -5*p - 32. Let h be k(-7). Suppose 5*z = h*m - 2, -4*m + 4 + 14 = z. What is w(z)?
6
Let m(v) be the first derivative of v**3/3 - 39*v**2/2 + 315*v - 3956. Give m(28).
7
Let w(y) = -3*y - 9. Suppose -z + 5 = 0, 0 = f - 15*z + 18*z - 38. Suppose -4*d + 12 = -7*d, 4*d + f = -h. What is w(h)?
12
Let y(q) be the first derivative of q**3/3 - q**2/2 - q + 21. Let k(v) = 9*v + 10. Let g(r) = k(r) + y(r). Calculate g(-6).
-3
Let u = 5705 + -5717. Let i(p) = 2*p**2 + 26*p + 18. Calculate i(u).
-6
Let n be ((-175)/3150)/(5/(-450)). Let b(l) = 8*l - 3. Let o(p) = -p - 1. Let a(g) = b(g) + 3*o(g). Give a(n).
19
Suppose -10*b + 21 = 1. Let v be (b/5)/((-15)/75). Let i(g) = -3*g - 3. Calculate i(v).
3
Let i(l) be the second derivative of l**5/20 + 7*l**4/6 + 7*l**2/2 + 1116*l. Give i(-14).
7
Let a(p) be the first derivative of p**4/4 + 5*p**3/3 - 17*p**2/2 - 21*p - 4147. Determine a(-7).
0
Let p(w) be the first derivative of w**2/2 - 18*w - 31. What is p(-17)?
-35
Suppose -14 = -d + 1. Let n(h) be the first derivative of -h**2/2 + 5*h + 540. Determine n(d).
-10
Suppose -u + 58 = 49. Let g be (-1)/3 - 100/(-30). Let m(a) = a - 9. Let l(z) = z - 10. Let b(k) = g*l(k) - 4*m(k). Give b(u).
-3
Suppose 16 = -4*a - 4*t + 144, -5*a = 3*t - 168. Let u be a/15*(-10)/(-4). Let r(g) be the first derivative of 2*g**3/3 - 9*g**2/2 + 9*g + 50. Determine r(u).
27
Let o = 15190 + -15177. Let g(a) = -a**2 + 11*a + 11. Determine g(o).
-15
Let i(m) be the second derivative of m**4/12 + 3*m**3/2 - 12*m**2 + 4*m - 93. Give i(-11).
-2
Let j(q) be the first derivative of q**3/3 - 4*q**2 + 7*q + 1. Let s = 64264 + -64258. Calculate j(s).
-5
Let b(u) be the first derivative of -u**5/40 - 5*u**4/8 - 44*u**3/3 - 318. Let v(w) be the third derivative of b(w). Deter